ate the highest common divisor of 226 and 2.
2
What is the greatest common factor of 327 and 763?
109
What is the highest common factor of 2496 and 78?
78
Calculate the greatest common divisor of 981 and 9.
9
Calculate the highest common divisor of 296 and 6734.
74
Calculate the greatest common factor of 112 and 3248.
112
Calculate the highest common factor of 23 and 69.
23
What is the highest common divisor of 2346 and 138?
138
What is the greatest common factor of 1077 and 6?
3
Calculate the highest common divisor of 22 and 1408.
22
What is the greatest common divisor of 120 and 285?
15
What is the highest common factor of 675 and 7290?
135
What is the highest common divisor of 64 and 2912?
32
Calculate the greatest common divisor of 30 and 708.
6
What is the highest common divisor of 295 and 118?
59
What is the highest common divisor of 65 and 533?
13
Calculate the greatest common factor of 180 and 4.
4
What is the highest common divisor of 5 and 9?
1
What is the greatest common factor of 200 and 4150?
50
Calculate the greatest common factor of 58 and 2581.
29
What is the greatest common factor of 96 and 4344?
24
Calculate the highest common factor of 255 and 16320.
255
What is the greatest common factor of 247 and 104?
13
What is the greatest common factor of 11 and 19745?
11
Calculate the highest common factor of 150 and 1450.
50
Calculate the greatest common factor of 2 and 8.
2
Calculate the greatest common factor of 8180 and 60.
20
What is the highest common divisor of 63 and 49?
7
What is the highest common divisor of 34 and 646?
34
Calculate the greatest common divisor of 153 and 36.
9
What is the greatest common factor of 16 and 76?
4
What is the highest common divisor of 19673 and 103?
103
What is the highest common divisor of 196 and 4606?
98
Calculate the highest common divisor of 882 and 168.
42
Calculate the greatest common factor of 40747 and 7.
7
Calculate the highest common divisor of 1624 and 42.
14
Calculate the highest common factor of 105 and 15.
15
What is the greatest common factor of 58 and 2146?
58
Calculate the highest common divisor of 9 and 225.
9
Calculate the greatest common factor of 708 and 156.
12
Calculate the greatest common divisor of 272 and 170.
34
What is the highest common divisor of 4 and 22?
2
Calculate the highest common factor of 16 and 312.
8
What is the highest common factor of 11518 and 26?
26
Calculate the greatest common divisor of 6 and 3618.
6
Calculate the highest common factor of 3700 and 20.
20
Calculate the greatest common divisor of 273 and 364.
91
What is the highest common divisor of 570 and 152?
38
What is the highest common factor of 15 and 735?
15
What is the greatest common divisor of 13064 and 368?
184
What is the highest common factor of 5305 and 5?
5
What is the greatest common divisor of 5 and 35?
5
What is the highest common divisor of 374 and 308?
22
Calculate the greatest common factor of 31 and 186.
31
What is the greatest common divisor of 3420 and 72?
36
Calculate the greatest common factor of 351 and 234.
117
Calculate the highest common divisor of 6345 and 1080.
135
What is the greatest common divisor of 42817 and 188?
47
What is the highest common factor of 2943 and 9?
9
Calculate the highest common factor of 1095 and 30.
15
What is the highest common divisor of 4514 and 1110?
74
Calculate the highest common divisor of 144 and 8784.
144
Calculate the highest common factor of 24 and 152.
8
What is the greatest common factor of 1230 and 41?
41
Calculate the highest common factor of 16 and 16920.
8
What is the greatest common factor of 221 and 13345?
17
Calculate the highest common factor of 820 and 61090.
410
What is the highest common factor of 103 and 26471?
103
What is the greatest common factor of 84 and 36?
12
What is the greatest common divisor of 8 and 56?
8
Calculate the greatest common factor of 546 and 702.
78
Calculate the greatest common divisor of 441 and 1029.
147
Calculate the highest common divisor of 11 and 14850.
11
Calculate the greatest common factor of 484 and 11858.
242
Calculate the highest common divisor of 15 and 255.
15
Calculate the greatest common factor of 12 and 318.
6
What is the greatest common factor of 370 and 111?
37
What is the highest common divisor of 126 and 14?
14
Calculate the greatest common factor of 1053 and 216.
27
Calculate the greatest common factor of 4288 and 737.
67
Calculate the highest common factor of 2522 and 26.
26
Calculate the greatest common factor of 996 and 168.
12
What is the greatest common divisor of 519 and 6?
3
Calculate the greatest common divisor of 4018 and 164.
82
What is the highest common divisor of 184 and 10442?
46
Calculate the greatest common factor of 911 and 1.
1
What is the highest common divisor of 3540 and 60?
60
Calculate the highest common divisor of 570 and 19.
19
What is the highest common factor of 67424 and 98?
98
What is the greatest common divisor of 200 and 150?
50
Calculate the greatest common divisor of 4 and 244.
4
Calculate the greatest common factor of 778 and 1.
1
Calculate the greatest common divisor of 747 and 664.
83
What is the highest common factor of 132 and 176?
44
Calculate the highest common factor of 1116 and 36.
36
Calculate the highest common factor of 10 and 2025.
5
Calculate the highest common divisor of 28 and 3647.
7
What is the greatest common factor of 5 and 355?
5
Calculate the highest common factor of 2244 and 1221.
33
Calculate the greatest common divisor of 236 and 3776.
236
Calculate the greatest common divisor of 8 and 720.
8
What is the greatest common divisor of 76 and 152?
76
Calculate the greatest common divisor of 242 and 44.
22
Calculate the greatest common divisor of 360 and 24.
24
Calculate the greatest common divisor of 10654 and 14.
14
What is the greatest common divisor of 22 and 1078?
22
Calculate the highest common factor of 7 and 3493.
7
What is the greatest common divisor of 268 and 670?
134
Calculate the highest common factor of 171 and 27.
9
What is the highest common divisor of 187 and 594?
11
Calculate the highest common factor of 16 and 13536.
16
Calculate the greatest common divisor of 476 and 2128.
28
Calculate the greatest common divisor of 6 and 642.
6
What is the greatest common factor of 6 and 2694?
6
What is the greatest common divisor of 149 and 4619?
149
Calculate the greatest common divisor of 40 and 1170.
10
Calculate the greatest common divisor of 11 and 3971.
11
Calculate the greatest common factor of 192 and 432.
48
What is the highest common factor of 96 and 352?
32
What is the highest common divisor of 2525 and 202?
101
What is the highest common factor of 94 and 20?
2
What is the highest common factor of 18009 and 138?
69
Calculate the highest common divisor of 460 and 40.
20
What is the highest common factor of 266 and 31787?
133
Calculate the greatest common divisor of 14 and 189.
7
Calculate the greatest common divisor of 737 and 67.
67
What is the greatest common factor of 697 and 4715?
41
What is the greatest common factor of 260 and 14612?
52
What is the highest common divisor of 276 and 506?
46
What is the highest common factor of 132 and 60?
12
Calculate the greatest common factor of 22 and 176.
22
What is the greatest common divisor of 24570 and 42?
42
Calculate the greatest common factor of 86 and 4.
2
Calculate the highest common factor of 11 and 1507.
11
Calculate the greatest common divisor of 13213 and 181.
181
Calculate the highest common divisor of 26 and 2067.
13
What is the highest common factor of 3348 and 504?
36
Calculate the highest common divisor of 10318 and 88.
22
What is the highest common divisor of 169 and 221?
13
Calculate the greatest common factor of 148 and 111.
37
What is the greatest common factor of 2211 and 66?
33
What is the greatest common factor of 47 and 94?
47
What is the highest common divisor of 170 and 68?
34
What is the greatest common factor of 126 and 7596?
18
What is the highest common divisor of 2147 and 113?
113
Calculate the highest common factor of 300 and 9780.
60
What is the greatest common factor of 1272 and 24?
24
Calculate the greatest common factor of 9 and 129564.
9
Calculate the greatest common divisor of 2 and 7.
1
What is the highest common factor of 